).
117
Suppose -6*n + 310 = 352. Let u(s) be the second derivative of -s**3/6 + 7*s**2/2 - 7*s. Calculate u(n).
14
Let r(x) = -13*x - 11. Let t(k) = k**3 - 9*k**2 - 12*k + 25. Let f be t(10). Calculate r(f).
-76
Let j(f) be the second derivative of 3*f**2 + 1/2*f**3 + 0 + 7*f. Let i = 15 - 19. What is j(i)?
-6
Let d(w) = 4*w**2 - 2*w. Let r = -4 - -9. Let z(l) = -l**2 - l + 1. Let b(s) = r*z(s) + d(s). Suppose -34*x = -u - 36*x + 2, -2*x + 8 = 0. Give b(u).
11
Let h(s) = -2*s**2 - 2*s + 3. Let f(n) = -5*n**2 - 16*n - 16. Let v(d) = f(d) - 2*h(d). Determine v(-8).
10
Let n(u) = -114*u**2 + 226*u + 2. Let r(l) = 180*l**2 - 338*l - 3. Let g(h) = -11*n(h) - 7*r(h). Give g(-20).
-1
Let o(z) = -6*z**3 + 2*z**2 + 3*z - 1. Let r(u) = 2*u**3 + 1. Suppose -4*g = -2*x - 29 + 41, -g - 5*x + 19 = 0. Let q(m) = g*o(m) - 4*r(m). Give q(-2).
11
Let h(u) = -u**3 + 63*u**2 - 119*u - 180. Let f be h(61). Let k(o) = -4*o - 7. Determine k(f).
-19
Let n(f) = -f**3 - 8*f**2 - 11*f + 5. Let g be 160/16*(3 - ((-204)/15)/(-4)). Calculate n(g).
-15
Suppose 0 = 143*m - 131*m - 24. Let i(a) = -a**m + 2 - 126*a + 6 - 1 + 139*a. Determine i(13).
7
Suppose 2*u - 31 - 10 = 5*v, 3 = u. Let q(g) = g + 37. Determine q(v).
30
Let v(g) = -7*g**3 + 16*g**2 - 79*g - 3. Let s(n) = -4*n**3 + 5*n**2 - 39*n - 2. Let a(f) = 5*s(f) - 3*v(f). What is a(21)?
-1
Let m(n) be the third derivative of n**6/120 + n**5/20 - n**4/8 + n**3/6 - n**2. Suppose 3*f = -2*v + 13, -36 = -2*v - 4*f - 20. Calculate m(v).
15
Let l(j) = 5*j + 192. Suppose 199 - 17 = -4*a - 3*b, 4*b + 24 = 0. Calculate l(a).
-13
Let k(p) = 34*p**3 - 25058 + 25062 - 9*p - 32*p**3. Determine k(4).
96
Let v(m) = m**3 - 2*m**2 - 5*m + 4. Suppose 33 - 35 = -b. Suppose 0 = -b*d - 2*y + 26, 3*d + y - 1 - 30 = 0. Suppose -d - 21 = -10*g. Give v(g).
-2
Let n(f) be the third derivative of f**4/8 + 5*f**3/6 - f**2. Let u = 39930 - 39930. Determine n(u).
5
Let p(k) = 5*k - 34. Suppose 5 + 7 = -2*t, -4*t - 16 = d. Calculate p(d).
6
Let y(l) = 3*l + 4. Suppose -6*n - 2 = -7*n. Suppose -n*x = -4*x + 2. Suppose 0 = -2*u + x - 13. Give y(u).
-14
Let c(v) = -23*v**2 - 16*v + 30. Let f(r) = -4*r**2 - 2*r + 2. Let k(x) = -c(x) + 6*f(x). Give k(5).
-23
Suppose 5*n - 6*p = -5*p + 1343, 280 = n - 4*p. Let z = n - 275. Let t(m) = -m - 5. Determine t(z).
2
Let k(f) = -71*f + 212. Let z be k(3). Let y(q) = 6*q**3 - 2*q**2 - 6*q - 5. Give y(z).
-7
Let y(i) = -i**2 + 9*i - 2. Suppose 0 = x + 3*l + 201, -4*l - 102 = -5*x - 1126. Let a = 212 + x. Give y(a).
6
Let v(h) = 3*h**2 + 12*h + 20. Let j = 10363 - 10366. What is v(j)?
11
Let a(k) be the second derivative of 5*k**4/12 - k**2/2 - 522*k. Let w(z) = 3*z - 20. Let x be w(6). What is a(x)?
19
Let s(t) = t**3 + 18*t**2 - t + 22. Let l be s(-18). Let m(c) = -19*c**2 + l*c**2 + c - 22*c**2 + 9. Let x be m(4). Let h(g) = 2*g**2 + 4*g + 1. Determine h(x).
7
Let y(j) = 2*j**3 - 796 - 882 - j**3 - 799 - j**2 + 2478 + 0*j**2. Suppose -9 = 4*k - 4*u + u, -3*u - 9 = 2*k. Let i = k - -2. Give y(i).
-1
Let p(n) = -n**2 + 2*n + 1. Let f(a) = 3*a**2 + 5*a - 21. Let r(g) = -f(g) - p(g). Give r(-7).
-29
Let t(m) be the third derivative of -m**6/60 - m**4/24 + 83*m**3/3 + 103*m**2 - 6*m. Give t(0).
166
Let q = 57 + -51. Let d(b) = 15*b - 43. Let w be d(q). Let f(i) = 24*i - w*i - 9*i**2 - 2*i**3 + 13*i + 11 + 3*i**3. What is f(10)?
11
Let y(a) = -2*a - 8. Let n(j) = -920 + 0*j + 10*j + 2*j**3 - 21*j**2 + 911. Let h be n(10). What is y(h)?
10
Let r(n) = -n + 1. Let d be ((-130)/(-3))/((-158)/6 - -27). Suppose -5*k - 101 = -396. Let m = d - k. Calculate r(m).
-5
Let r(p) = -2*p - 4. Let o(d) = 14*d - 340. Let s be o(26). Let z be 72/10 - s/(-30). Give r(z).
-20
Suppose 4*t = -w - 4, 4*w - 2*w = -4*t. Let l be (-10472)/(-280) + 4/(-10). Let y(n) = 4 - 5 - 38*n - 2*n**2 + l*n. Determine y(t).
-7
Let y = 2 - 1. Let f be 1 + (-10)/(-1 - y). Let w(r) = 67 - 120 - 2*r**3 + 5*r**2 + r**3 + 5*r + 57. What is w(f)?
-2
Let h(l) be the third derivative of l**5/20 + l**4/12 + 10*l**3/3 + 124*l**2 - 3*l - 5. Calculate h(0).
20
Let r = 17456 - 17460. Let b(u) = 2*u**2 + 4*u - 3. What is b(r)?
13
Let o = -419 + 422. Suppose -d = o*i + 5, 3*d = -i - 8 - 7. Let s(y) = -3*y + 3. Calculate s(i).
3
Let i(y) = -y**2 + 5*y - 8. Let d be (53 - 22) + 2 + 0/(-1). Suppose -5*h - 21*o = -20*o - 27, -5*o - d = -3*h. Calculate i(h).
-14
Let u = -2/6389 - -6393/12778. Let z(w) be the first derivative of -1/4*w**4 - u*w**2 - 26 + 0*w**3 + w. Give z(1).
-1
Let u(r) = 8 - 86*r - 48*r - 52*r + 172*r - 33. What is u(0)?
-25
Let s(r) = 19*r**3 + r - 23 + 8*r**2 - 3 - 4*r. Let h(w) = 7*w**3 + 3*w**2 - w - 9. Let j(g) = 11*h(g) - 4*s(g). What is j(0)?
5
Let c = -127 - 145. Let a = c - -268. Let j(i) = -i. Determine j(a).
4
Let c(x) = -2*x - 8. Let j(s) = s**2 - 23*s + 55. Let v be j(17). Let l = -54 - v. Give c(l).
6
Let a(z) = z**2 + 9*z + 7. Let v(j) = -2*j**3 + 4*j - 6. Let o(h) = -h**3 - 28*h**2 + 2*h + 56. Let k be o(-28). Let m be v(k). What is a(m)?
-11
Let y(i) = -i**3 + 3*i - 3. Let c(b) = 2*b**2 + 65*b - 35. Let w be c(-33). Give y(w).
-1
Let y(k) be the second derivative of -1/3*k**3 + 1 - 38*k + 1/2*k**2. Calculate y(-8).
17
Let h be (2/(-4))/((-1)/8). Let w(d) be the second derivative of d**5/20 - 5*d**4/12 + d**3/2 - 2*d**2 + 39326*d. Calculate w(h).
-8
Let j(l) = 98*l - 95. Let t(c) = 78*c - 95. Let y(a) = -2*j(a) + 3*t(a). Calculate y(3).
19
Suppose 2*v - 117 = -7*v. Let r(q) = -2*q**2 + 27*q - 9 + 13 - 4 - 8. Determine r(v).
5
Suppose 116*i + 78 = 310. Let b(c) be the second derivative of 0 + 1/6*c**3 + 19*c + 6*c**i. Calculate b(0).
12
Let n(q) = -q + 15. Let b = -160 + 117. Let w = b - -53. Calculate n(w).
5
Let t(r) = -r**2 + 6*r. Suppose 2*f - 4*g = -f + 110, 0 = 3*g + 15. Let n be (-6)/f + (126/10)/3. Suppose 4*h = -12, 5*z - n*h = 35 - 8. Give t(z).
9
Let y be 0 + (-8 - -2)*-1. Let s be 3/((-3)/y - 1). Let c(p) be the third derivative of p**6/120 + p**5/20 + p**4/24 + p**3/6 + 11570*p**2. Determine c(s).
3
Let m be 4*(10/(-20))/(2 + 0). Let p be 2 - m/(1/(-2)). Suppose -3*y + 0 = -p. Let t(q) = -q**3 - q**2 + q + 7. Calculate t(y).
7
Let m(n) = -n - 12. Let k be 11/(-3 - -4) + 5/1. Suppose -4*j = 2*i + k, -3*j - 9 = -i - 42. Give m(i).
6
Let v(c) = -3*c**2 - 6. Let x(o) = -3*o**2 - o - 7. Let b(p) = -2*v(p) + 3*x(p). Determine b(-4).
-45
Let z(c) = -21*c - 102. Suppose -2*x + 3*o + 23 - 30 = 0, -10 = x + 5*o. What is z(x)?
3
Let g(q) be the first derivative of 4*q**3/3 + 2*q**2 + 3*q + 1. Suppose 3*y = t + 23, -239*y - 34 = 3*t - 243*y. Give g(t).
11
Suppose 42*m + 3 = 43*m. Let l(g) = -m*g - g + 0*g - g. Determine l(-2).
10
Let b(v) = v + 8. Let p be b(4). Suppose -i - 44 = -p*i. Let c(a) = 6*a - i*a**2 + 0*a**3 - a**3 - 5 + 9*a**2. Determine c(6).
-5
Let k be (2 - 4)/((-16)/24). Suppose 2*d + 4 = 0, -k*n - 2*d = -4*d - 79. Suppose 10*p = 5*p - n. Let g(x) = x**2 + 4*x + 1. Calculate g(p).
6
Suppose 0 = 118*v - 221*v + 151*v + 624. Let r(m) = 2*m**2 + 37*m + 147. Determine r(v).
4
Let z(d) = d**3 - 28*d**2 - 62*d + 65. Let n(r) = 29*r**2 + 423*r - 422. Let p be n(1). What is z(p)?
5
Let i(g) = 2*g**3 + 5*g**2 + 6*g + 4. Let s be i(-2). Let x(c) = 0*c**3 + 12950 - c**3 - 6*c**2 - 12949. Calculate x(s).
-31
Let i(r) = -r**2 + 9*r + 1. Let o be i(5). Let j be (2 - 6) + -12*(-8)/12. Suppose 9 = j*b + o. Let x(c) = c**3 - 3*c + 4. What is x(b)?
-14
Let g = -5 - -9. Let a(v) be the first derivative of 5*v**3/3 + 11*v + 241. Let y(l) = -3*l**2 - 6. Let m(b) = g*a(b) + 7*y(b). Give m(-3).
-7
Suppose -f + 2*n + 7 = -1, -2*f + n = -4. Let g(k) = k**3 + 9*k**2 - 3*k + 72. Let w be g(-10). Suppose w = -o - f*o. Let i(a) = a**2. Determine i(o).
4
Let q(w) = 27*w**2 + 2*w + 28. Let d be q(-8). Let m(n) = 1743*n - d*n - 6 + 0. What is m(4)?
6
Let q(a) be the third derivative of 2/3*a**3 + 9*a**2 - 1/24*a**4 + 0*a + 0. Let j be q(2). Let k(v) = -2*v**2 - 3*v + 3. Give k(j).
-11
Let r(y) be the second derivative of -y**5/10 - 2*y**4/3 + 5*y**3/6 + 15*y**2/2 - 1916*y. What is r(-4)?
-5
Let a(q) = -3*q - 23. Let s(c) = c**3 - 39*c**2 + 31*c - 1196. Let m be s(39). Calculate a(m).
-62
Let l(w) be the first derivative of -w**4/4 + w**3/3 - w**2/2 - 10*w + 4. Suppose 2*j - 8 = -2. Suppose 2*u + 12 = j*v, 4*u - v + 4*v - 12 = 0. Give l(u).
-10
Let y(m) = 